q(w) = 6*w - 10. Let b(l) = l - 1. Let c(d) = -3*b(d) - q(d). Let z(a) = m*i(a) + 6*c(a). What is z(1)?
-2
Let h(f) = f**3 + 3*f**2 + 3*f + 3. Let o be h(-2). Suppose 4*b = 4*n - 4, -4 = -4*n + 4. Let p(g) = b - 2 - 3*g**2 + 4*g - 2*g - 4*g**2. Calculate p(o).
-6
Let m(c) = -4*c - 3. Suppose -4*r + 4 = 0, 0 = 3*j - 5*j + 2*r + 4. Suppose -1 = 5*g - 2*h, -j*h + 14 = 5*g - 0. Let q be g + (1 - -3 - 8). Calculate m(q).
9
Let n(q) be the second derivative of q**3/3 + 3*q**2/2 + q. Let p(x) = -x**3 - 5*x**2 - 27*x - 89. Let d be p(-4). Calculate n(d).
9
Let i(v) = -2*v + 12. Let k(f) = 6*f + 22. Let u be k(-7). Let j be u/(-3)*(-6)/(-5). What is i(j)?
-4
Let j(p) be the second derivative of -p**4/12 - 2*p**3/3 + p**2 + 130*p. Calculate j(-5).
-3
Let y(l) = -4*l**3 - 26*l**2 + 33*l - 16. Let p(q) = -3*q**3 - 17*q**2 + 22*q - 11. Let w(j) = 7*p(j) - 5*y(j). What is w(10)?
-7
Let q(o) = 2*o + 3. Suppose 0*t + 4*t + 2*y - 12 = 0, -5*t - 3*y = -14. Suppose w - t*k = -15, w + 5*k - 1 = 11. What is q(w)?
-3
Let i(z) be the second derivative of 5*z**3/6 - z**2/2 + 111*z + 4. Determine i(-1).
-6
Suppose 0*w = -2*w - 4. Let r(u) = 3*u**2 - 1. Let z be r(w). Let x = -6 + z. Let j(k) = k**3 - 5*k**2 - 4. What is j(x)?
-4
Suppose 2*a - 12 = 8*a. Let p(o) = 22*o**2 + 2 + 18*o**2 - 3*o - 41*o**2. Calculate p(a).
4
Suppose -4*m = -5*s + 15, -2*s - 3*s + m = 0. Let o(b) = -3*b**3 + 2*b + 1. Give o(s).
2
Let w = -6 - -6. Let v(d) = 2 + 5*d**2 + d - 3 + w - 3*d. Suppose 0 = 4*n - 4*f + 20, 0 = -2*n - n + 4*f - 19. Determine v(n).
6
Let m(r) = -r**2 + 8*r - 10. Let l be m(6). Let y(p) = -3 + p**l - 1 + 5*p + 0*p. Suppose -7*s + 5*s = 6. What is y(s)?
-10
Let c = 76 - 42. Suppose 2*v = -4*u + c, 24 = 2*v - 0*u + 2*u. Let y(l) = -3*l - l + 1 + v*l. Give y(-2).
-5
Suppose 11 = -3*z + p - 2, -5*p = -5*z - 5. Let g be 4*(-27)/(-6) - -3. Let k(m) = 12 - g + m - 2*m + 3. What is k(z)?
0
Suppose 5*i = 5*u + 612 - 617, -3*i - 2*u = -17. Let w(d) be the third derivative of d**4/6 - d**3/2 - d**2. Calculate w(i).
9
Let f be (12/(-10))/(6/(-15)). Let x be 4/(-18) - (-20)/90. Let t(z) = 2*z - 2 - z**3 + 4*z**2 - 2*z**2 + 1 + x. Give t(f).
-4
Let f(g) = 5*g - 23. Suppose 0 = 2*y - 4*r - 26, -y - r - 3 = r. Determine f(y).
2
Let d(c) be the first derivative of 3*c**2/2 + 4*c - 3. Let a = -75 - -78. What is d(a)?
13
Let t(d) be the third derivative of d**5/60 + d**4/6 - 7*d**3/6 - 21*d**2. Let y be (1/(-3))/(4/(-24)). Suppose -10 + 0 = y*n. Calculate t(n).
-2
Let l(u) = -u + 2. Suppose 10*f - 306 = 5*f + 2*z, f + 3*z - 51 = 0. Let m = 95 - f. Let r be m/7*6/(-5). What is l(r)?
8
Let u be 1500/(-84) - (-6)/7. Let w(l) = l + 23. Give w(u).
6
Let n(w) = -29*w + 1. Let j(y) = 2*y. Let k(h) = -6*j(h) - n(h). Give k(1).
16
Let d = 1 + -7. Let q(l) be the second derivative of -l**3 - 9*l**2/2 + 4020*l. What is q(d)?
27
Let m(v) = 14*v**2. Let h be m(2). Suppose 5*k - 3*d = h, 0*k - 5*d + 30 = 4*k. Suppose 9*b = k*b + 3. Let c(j) = j. What is c(b)?
-3
Let i(h) be the first derivative of -h**6/120 + h**5/60 - 7*h**3/3 - 3*h**2/2 - 23. Let o(u) be the second derivative of i(u). Give o(0).
-14
Let z(c) = -c**3 - 8*c**2 - 7*c - 10. Let t be z(-8). Let a = t - 40. Let n(i) = i**3 - 7*i**2 + 5*i. Calculate n(a).
-6
Let m(r) = r - r - 2 + 4 - 2*r. Let h = -14 - -16. Determine m(h).
-2
Let j(x) = -x - 8. Suppose 110 = -29*o + 40*o. What is j(o)?
-18
Let h(a) = 0 + 6*a**2 + 5*a + 0*a + 0*a**2 - 5 + a**3. Let j = -46 - -41. Determine h(j).
-5
Let j(z) = -z**2 - 6*z + 10. Suppose m - 6*m - 160 = 0. Let r = m + 25. Give j(r).
3
Let i(w) = w**2 - w + 1. Let q(y) = 5*y**2 + 3. Let o(c) = c - 4. Let t be o(3). Let a(p) = t*q(p) + 4*i(p). Let z be (1*-5)/(1/2*2). Give a(z).
-4
Let r(n) = -2*n + 5*n - 6 + 2. Let i be (16 + -25 - -4)/((-5)/6). Calculate r(i).
14
Let w(d) = -2*d + 34784 - 3*d - 34786. What is w(2)?
-12
Let m(x) = -21 + 49*x + 39 - 23 - 44*x. Calculate m(-7).
-40
Suppose 3*b + 37 = 2*z, -5*z + 32 = 2*b - 4*b. Let x(y) = y + 10. Give x(b).
-1
Let a(k) = 133*k + 134*k - 2 - 1 - 270*k. Determine a(-2).
3
Let l(u) = -2*u + 5. Suppose 0 = -3*d - 9, 0*p = p + 4*d + 1. Let z(t) = 6 - 18 + p. Let s(r) = -l(r) - 5*z(r). Calculate s(1).
2
Let f(m) = m**2 - m - 5. Let y = -3004 - -2996. What is f(y)?
67
Let q(i) = i + 4. Let r be (24/10)/((-11)/110). Let b = r + 22. Calculate q(b).
2
Suppose 0*p - 4 = -p. Suppose -p*o + 7 = -d, -4*o = 2*d - 14 - 8. Let f(n) = -n**3 + 4*n**2 + 3*n - 6. What is f(d)?
-16
Let m(t) = t - 8 - 10*t + t + 7*t. Determine m(-4).
-4
Let k(w) = w**3 - 5*w**2 + w + 4. Suppose -2*r + 16*a - 18*a = -16, -3*r + 27 = 4*a. Calculate k(r).
9
Let t be (2/4)/((-2)/(-40)). Let a = -10 + t. Suppose a = -j + 3*c - 10, 3*j - 5*j = 2*c - 4. Let o(z) = 3*z**2 + 2*z + 1. Calculate o(j).
2
Suppose 149 + 96 = -49*u. Let k(z) = z**2 + 5*z + 1. Determine k(u).
1
Suppose 14*b + 7*b = 84. Let u(w) = w**2 - 8*w + 9. Determine u(b).
-7
Let u(q) be the third derivative of q**8/6720 + q**7/1680 + q**6/360 - 11*q**5/60 + 3*q**2. Let a(s) be the third derivative of u(s). Determine a(-2).
8
Let s(n) be the third derivative of 7/24*n**4 + 1/3*n**3 + 0*n + 7/60*n**5 + n**2 + 1/120*n**6 + 0. What is s(-6)?
-4
Suppose 3*d - 4*f = -0*f + 24, f = 4*d - 19. Suppose -4*s = d*z - 2*s - 24, -2*s = 2*z - 10. Let p(j) = -4*j + 9 + 4*j + j**2 - 6 + z*j. Calculate p(-5).
-7
Let z(h) = -5*h + 27. Suppose -3*i + 4*c = -18, -12 = 2*i - 4*i - 5*c. Give z(i).
-3
Let t(a) = -7*a + 3*a**2 - 6*a**2 + 2*a**2 - 7*a + 3 + 4. Determine t(-14).
7
Suppose -2*s + 38 = 44. Let j(z) = z**3 + 4*z**2 - z - 5. Give j(s).
7
Let q(n) = 2*n - 11. Let s(u) = u**2 + 23*u - 166. Let j be s(-29). Calculate q(j).
5
Suppose 5*x = 5*l - 36 - 4, -2*x + 3*l = 20. Let i(r) = 167*r + 2 - 86*r - 85*r - 5*r**2 - 2*r**3 + r**3. Determine i(x).
2
Let g(a) be the first derivative of -a**5/60 - a**4/3 - a**3/3 + 13*a**2/2 - 1. Let z(q) be the second derivative of g(q). What is z(-5)?
13
Let w(x) be the third derivative of -5/24*x**4 - 1/6*x**3 + 11*x**2 + 0*x + 0. Calculate w(-2).
9
Let z(v) be the second derivative of -v**5/20 + v**3/2 - v**2/2 + 26*v. Let s = -13 - -10. Calculate z(s).
17
Let t(q) be the second derivative of -q**6/720 + 11*q**5/120 + q**4/4 - 4*q. Let m(v) be the third derivative of t(v). Suppose -30 = -n - 4*n. What is m(n)?
5
Let c = -2 + -1. Let p(x) = 4*x**3 + 3. Let u(f) = -7*f**3 - f**2 + f - 6. Let z(b) = 5*p(b) + 3*u(b). Determine z(c).
-12
Let k be (-48)/72*9*-1. Let v(r) = 2*r**2 - 9*r - 4. What is v(k)?
14
Let w(t) = -t**2 - 5*t - 3. Suppose 4*g = 21 - 45. Give w(g).
-9
Suppose -760 = 2*z - 7*z. Let f(i) = 153*i**2 - 3 - z*i**2 + 5*i - 4*i. Suppose 4*k + 2*j = j + 2, -10 = -k - 5*j. Give f(k).
-3
Let v = 16 + -14. Suppose 3*o - 11 = 4*a, -v*a = o - 5 - 2. Let q(f) = f**2 - 4*f - 5. Determine q(o).
0
Let b(s) = -s - 1. Suppose -7*t + 13 = -15. Let f(w) = -w**2 - 9*w + 1. Let y(d) = t*b(d) + f(d). What is y(-13)?
-3
Let u be 6/4*18/27. Let v = -7 - u. Let w(c) = 12 - 2*c**2 + 11*c + c**2 - 2*c + 2*c**2. Determine w(v).
4
Let t(k) = -2*k**2 - 8*k + 7. Let u be t(-5). Let q(c) = -2*c - 4 + 18*c - 8*c - 5*c + c**2. What is q(u)?
-4
Let b(w) = 6*w**2 - 8*w - 17. Let c(a) = -5*a**2 + 8*a + 16. Let x(i) = -4*b(i) - 5*c(i). Calculate x(9).
-3
Let m(l) = 13*l + 2. Let f(j) = -j**3 - 35*j**2 - 35*j - 35. Let x be f(-34). Calculate m(x).
-11
Let f(j) = j**3 + 10*j**2 + 4*j + 26. Let t(c) = -13*c**2 - 4*c + 7. Let h be t(1). Give f(h).
-14
Let x(z) be the second derivative of z**5/20 + z**4/12 - z**2/2 + 9*z - 1. Calculate x(0).
-1
Let o(k) = -5*k + 23. Let m be 17 - (-4)/(-7)*14. Determine o(m).
-22
Let s(z) = -3*z - 26. Let x(i) = -i - 9. Let w(f) = -3*s(f) + 8*x(f). Determine w(6).
12
Let d(j) be the third derivative of j**8/6720 + j**7/420 - j**6/720 - 7*j**5/120 + j**4/4 + 10*j**2. Let m(y) be the second derivative of d(y). Give m(-6).
-1
Suppose -3*z - 5 = 1. Let s(h) = 16*h - 5*h - 3*h + 7 - 4. Determine s(z).
-13
Let n(c) be the first derivative of -1/3*c**3 - 2*c**2 - 6*c + 9. What is n(-5)?
-11
Let d be (-34)/(-5) + (-14)/(-70) - 9. Let x(p) = 2*p**2 + 4*p - 1. Calculate x(d).
-1
Let b(c) = c**3 + 4*c**2 + 3*c - 3. Let w be 1 - 2 - 1*7. Let k = w - -6. Let h = -5 - k. Give b(h).
-3
Let t = -560 - -556. Let c(o) = 2*o + 9. Determine 